*g, -34 = -5*k - g. Suppose k*w + 7*w - 280 = 0. Calculate the highest common divisor of 70 and w.
10
Suppose 3*n - 113 + 32 = 0. Suppose -12 = 3*i - 2*i. Let s = i - -30. What is the highest common factor of s and n?
9
Let i be (-32)/4*33/(-12). Let f = -19 + i. Suppose -3 = a + 3*q, -f*a = -q - 2*q - 27. What is the highest common factor of a and 48?
6
Suppose -330 = -3*a - 7*a. Calculate the greatest common divisor of a and 11.
11
Let v = -479 + 683. What is the greatest common divisor of 84 and v?
12
Let k(p) = -p**2 + 12*p + 135. Let x be k(-7). What is the greatest common divisor of 13 and x?
1
Let v = -1293 + 1709. What is the highest common divisor of 143 and v?
13
Let t = 437 - 353. Suppose 17 = 5*x - 43. Calculate the greatest common divisor of x and t.
12
Let k = 2 + 3. Suppose 0 = k*y - 3*u - 25, -y + 25 = 4*y + 2*u. Suppose -4*i = 4*h + i + 16, -2*h + 2*i = -10. What is the highest common factor of y and h?
1
Let i be 231 + (-10 - 3) + 6 + 0. What is the highest common factor of i and 49?
7
Suppose 550 + 300 = 25*r. Calculate the highest common divisor of 119 and r.
17
Let c(w) = -2627*w - 111. Let q be c(-1). What is the greatest common factor of q and 296?
148
Let z be ((-9)/4)/((-1)/((-520)/15)). Let w be z/(-4 + -2) + 0 + -1. Calculate the highest common divisor of w and 12.
12
Let x be (-15)/(-3) + 23 + -7. Calculate the highest common factor of 2541 and x.
21
Let d be (4 + 0)*((-525)/7)/(-5). Let h = d + -48. Calculate the greatest common factor of 60 and h.
12
Suppose 883 + 297 = 4*c. Let t = -195 + c. What is the highest common divisor of t and 25?
25
Suppose r + 3532 = 3*y, -2*y + 2*r + 970 = -1382. What is the greatest common factor of 114 and y?
38
Let o(h) = -h**3 + 6*h + 5. Let r be 4 - (0 + -1) - 3 - 5. Let u be o(r). What is the highest common factor of 42 and u?
14
Let d be (11/(-99))/(12/(-1620)). Let l = 22 + -12. What is the greatest common factor of d and l?
5
Let n be (-56 - 0)*(10/2)/(-5). What is the greatest common factor of n and 14?
14
Suppose 8 = 4*q + 4*d, -6*d + 18 = 2*q - 11*d. Suppose 0 = q*p - 4*y - 116, -5*p + 140 = -p + 4*y. What is the highest common factor of p and 320?
32
Suppose 0 = -16*g + 88 + 8. What is the greatest common divisor of g and 14?
2
Suppose 6*w - 15653 = 913. Calculate the highest common divisor of w and 11.
11
Let z(u) be the second derivative of -u**3/6 + 4*u**2 - 21*u. Let y be z(-7). What is the highest common factor of y and 45?
15
Suppose 4*p - 5*o - 3755 = 0, -1883 = -2*p - o - 2*o. Calculate the highest common divisor of 20 and p.
20
Let o = -1417 - -1473. What is the highest common factor of 128 and o?
8
Suppose 2*z = 13 - 3. Let y = 72 - 56. Let u be (-3 - -1) + (y - -1). What is the greatest common divisor of z and u?
5
Let t be (1 + (-8)/6)/((-6)/108). Suppose 0 = 11*d - 10*d - t. Calculate the greatest common factor of 9 and d.
3
Suppose -10 = -5*n + 35. Let b(m) = -25*m + 552. Let k be b(21). Calculate the highest common factor of k and n.
9
Let w(b) be the third derivative of b**6/120 - b**5/15 + 5*b**4/24 + 5*b**3/6 - 6*b**2. Let d be w(5). Calculate the highest common divisor of 11 and d.
11
Suppose 8 = -0*h + 2*h. Suppose -h*a = -8*a - 4. Let s be ((-132)/15)/(a/10). What is the highest common factor of s and 22?
22
Suppose 5*g - 303 = 3*a + 508, -797 = -5*g - 4*a. Calculate the greatest common divisor of g and 69.
23
Let s = 63 + 24. Let v be 194/8 - (-27)/36. Let o be v + (3 - -3) + -2. What is the highest common divisor of o and s?
29
Let p(j) = 3*j**2 - 7*j + 6. Let u be p(5). Let g = u - 33. Suppose 5*a + 597 = -3*x + 7*x, 3*x + 4*a = 409. Calculate the greatest common factor of g and x.
13
Let v be 12/(-9) + 4/(-6). Let l(y) = -13*y - y + 4 - 12*y. Let j be l(v). What is the highest common factor of 8 and j?
8
Let i(z) = 4*z + 65. Let m be i(-15). Suppose q + q - 169 = -m*g, 5*q = g - 23. What is the highest common factor of 22 and g?
11
Suppose -3 = -4*t + f, 4*f + 6 = -2*t + 2*f. Let c = t + 56. Calculate the highest common factor of 224 and c.
56
Let i(h) = 2*h**3 - 2*h**2 - 5. Let u be 9*(7/3 - 2). Let x be i(u). Calculate the highest common factor of 62 and x.
31
Suppose 2*v = 3*v. Suppose 3*g - 7 - 8 = v. Suppose -17*q - 54 + 479 = 0. What is the highest common divisor of g and q?
5
Let h = 41 + -11. Suppose 0 = 3*j - 4*i - 60, -4*i + 0*i - 76 = -4*j. Let g be -3 + 0 + 328/j*6. What is the greatest common factor of g and h?
30
Let y be 1/(2/(-2976)*-2). Suppose 10*f = 13*f - y. What is the highest common factor of 31 and f?
31
Let l = -12 + 11. Let s be (315/20)/(l/(-4)). Let j = 95 - s. Calculate the highest common factor of j and 4.
4
Suppose 2*w = h - 52, 0*w - 2*w - 42 = 4*h. Let i be (1 - -69)/((w/(-5))/5). Calculate the greatest common factor of i and 10.
10
Let g = 5 + 1. Suppose -g*x = -x - 90. Let y = 383 - 374. Calculate the greatest common factor of y and x.
9
Let r be 740*(11/2 + -5). Calculate the highest common divisor of r and 37.
37
Suppose -23 = 4*b - 63. Let m = 83 - 79. What is the highest common factor of m and b?
2
Let k = 581 - 554. Calculate the greatest common factor of 1431 and k.
27
Let a = -913 + 1401. What is the greatest common divisor of 366 and a?
122
Let j(d) = -d**2 + 20. Let p be j(6). Suppose 0 = 4*w - 0*w + 5*y + 45, 2*y + 2 = 0. Let x = w - p. What is the greatest common divisor of x and 66?
6
Suppose -4*l - 10 = -3*y, 3 - 5 = -2*l - 2*y. Let w be ((2 - l) + -2)*10. Suppose -3*m = 1 - 16. What is the highest common divisor of w and m?
5
Suppose -3*g = 0, -m + 5*g - 15 + 54 = 0. What is the highest common divisor of m and 507?
39
Suppose -10 = -4*f - 2. Suppose -f*z + 0*i + 2*i = -18, -6 = 2*i. Suppose -p - 200 = -z*p. What is the highest common divisor of 5 and p?
5
Suppose -l = 5*f - 2*l - 35, -2*l = -4*f + 28. Let n = f - 4. Suppose 5*y - 2*q - 84 = 91, n*y = 3*q + 105. Calculate the greatest common divisor of 140 and y.
35
Let n(l) = l + 74. Let o be n(-34). What is the greatest common divisor of o and 70?
10
Let q(g) = -2*g - 4 - 2*g - 1 - 4. Let f be q(-4). Calculate the greatest common divisor of f and 56.
7
Suppose r = -3 + 5. Suppose -2*o = -r*g - 70 + 8, -3*o - 2*g + 73 = 0. Calculate the greatest common factor of o and 9.
9
Suppose 2*a = -o + 29, -2*a - 3*a + 5*o + 50 = 0. Let m = -10 + 23. Suppose -2*k = -m - 195. What is the greatest common factor of a and k?
13
Suppose -6*a - 32 = -2. Let m be (-5)/(a/(-1)) - -199. Calculate the greatest common divisor of 18 and m.
18
Suppose -14*t + 541 + 201 = 0. Calculate the greatest common divisor of t and 53.
53
Let j(m) = 29*m - 106. Let o be j(18). Calculate the highest common factor of 32 and o.
32
Suppose 10 = i + 4. Suppose 19*c - i = 16*c. Suppose 4 = 4*r - 2*r - w, -c*w = 0. What is the greatest common divisor of 22 and r?
2
Let m be (-3837 - 1)*58/(-116). What is the highest common factor of 101 and m?
101
Let w = 194 + -113. What is the highest common factor of w and 135?
27
Suppose -10*x = -13*x + 84. Let u be 136/14 + 8/x. Suppose -5*b = -2*f - 2, 4*f - 10 = -f + 5*b. What is the greatest common factor of f and u?
2
Let a = -6 - -9. Suppose 49 = 2*g - a*u, -4*g + 3*g - 5*u + 57 = 0. What is the highest common divisor of 8 and g?
8
Suppose -407 = -2*y - 9*y. Calculate the greatest common divisor of y and 481.
37
Let y(d) = 8*d + 80. Let s be y(7). Calculate the highest common factor of 170 and s.
34
Let m = 2 - -4. Let x = 8 - m. Let y be 33/x*(-16)/(-24). Calculate the greatest common divisor of y and 11.
11
Let m = 752 + -741. Suppose -q + 46 - 8 = -3*l, 5*l = -2*q + 98. Calculate the greatest common divisor of m and q.
11
Let l = -3 + 14. Let j(h) = 77*h**2 - 4*h + 4. Let y be j(1). What is the greatest common factor of l and y?
11
Suppose y + 256 = 5*y. What is the greatest common factor of 56 and y?
8
Let j = 35 - 39. Let z be 1 - 228/j - -2. Calculate the greatest common divisor of z and 45.
15
Let h be (4/6)/((-2)/(-27)). Let m be (-2 - -5)*(-2 - -4). Suppose -2*r = -4*u, 2*u + 0 + m = 2*r. Calculate the greatest common factor of h and r.
3
Suppose -6 = -m - m. Suppose -m = -w + 1. Let j be -6 + w - 1*-9. What is the greatest common divisor of 49 and j?
7
Let g = -509 - -542. What is the highest common divisor of g and 825?
33
Let t = 78 